 digit of 3891286368?
2
What is the thousands digit of 240343472?
3
What is the hundred thousands digit of 74284411?
2
What is the tens digit of 18224371?
7
What is the tens digit of 554137?
3
What is the units digit of 1841308534?
4
What is the ten thousands digit of 94095900?
9
What is the units digit of 394318914?
4
What is the hundreds digit of 246256815?
8
What is the hundreds digit of 60688148?
1
What is the hundred thousands digit of 200495146?
4
What is the units digit of 2091357646?
6
What is the hundreds digit of 1728346831?
8
What is the ten millions digit of 2428551402?
2
What is the hundred thousands digit of 93135213?
1
What is the thousands digit of 813013?
3
What is the ten thousands digit of 166464266?
6
What is the ten thousands digit of 410433456?
3
What is the hundred thousands digit of 3042830859?
8
What is the millions digit of 98736341?
8
What is the thousands digit of 39565798?
5
What is the hundreds digit of 874593579?
5
What is the units digit of 4583878223?
3
What is the ten millions digit of 116679050?
1
What is the units digit of 2935678145?
5
What is the tens digit of 21448625?
2
What is the tens digit of 589934341?
4
What is the ten thousands digit of 1428602216?
0
What is the tens digit of 25790177?
7
What is the millions digit of 126134528?
6
What is the hundreds digit of 7494833?
8
What is the tens digit of 370160917?
1
What is the thousands digit of 468014444?
4
What is the tens digit of 194720652?
5
What is the units digit of 52395262?
2
What is the hundreds digit of 78731645?
6
What is the units digit of 2605841070?
0
What is the units digit of 1765837833?
3
What is the thousands digit of 112558803?
8
What is the tens digit of 80780?
8
What is the millions digit of 186661827?
6
What is the tens digit of 170627814?
1
What is the millions digit of 7809102?
7
What is the ten thousands digit of 10291010?
9
What is the thousands digit of 3961100531?
0
What is the units digit of 307898143?
3
What is the millions digit of 166683616?
6
What is the hundred thousands digit of 60176775?
1
What is the billions digit of 2518028068?
2
What is the hundreds digit of 2299501358?
3
What is the ten millions digit of 820165135?
2
What is the hundred thousands digit of 618800082?
8
What is the ten millions digit of 2830056839?
3
What is the ten millions digit of 81010112?
8
What is the ten millions digit of 1985680110?
8
What is the hundred thousands digit of 42073807?
0
What is the billions digit of 1938314082?
1
What is the ten thousands digit of 23112783?
1
What is the thousands digit of 53694829?
4
What is the ten millions digit of 39518534?
3
What is the tens digit of 67632377?
7
What is the billions digit of 2396881284?
2
What is the tens digit of 77599087?
8
What is the ten thousands digit of 95261311?
6
What is the hundred millions digit of 1017475280?
0
What is the tens digit of 62168485?
8
What is the ten thousands digit of 74300867?
0
What is the hundred thousands digit of 307903428?
9
What is the millions digit of 223814214?
3
What is the millions digit of 38856193?
8
What is the tens digit of 188888308?
0
What is the units digit of 1941688933?
3
What is the hundred thousands digit of 15538410?
5
What is the ten thousands digit of 692791875?
9
What is the hundred millions digit of 321433029?
3
What is the millions digit of 25462256?
5
What is the millions digit of 5341424?
5
What is the hundreds digit of 6252929501?
5
What is the hundred millions digit of 170299155?
1
What is the hundreds digit of 2158082022?
0
What is the millions digit of 15737493?
5
What is the thousands digit of 3049647763?
7
What is the tens digit of 33680731?
3
What is the units digit of 3280505275?
5
What is the hundreds digit of 1549578767?
7
What is the tens digit of 132762542?
4
What is the ten millions digit of 192927057?
9
What is the hundreds digit of 132504565?
5
What is the hundred thousands digit of 560148563?
1
What is the hundred thousands digit of 6768591?
7
What is the units digit of 22043396?
6
What is the hundred thousands digit of 68372520?
3
What is the millions digit of 16622879?
6
What is the ten thousands digit of 1312087033?
8
What is the hundreds digit of 685145317?
3
What is the millions digit of 114233205?
4
What is the tens digit of 4276360224?
2
What is the hundreds digit of 73740161?
1
What is the hundreds digit of 4765160911?
9
What is the units digit of 788204602?
2
What is the units digit of 485641427?
7
What is the tens digit of 80271468?
6
What is the ten millions digit of 82725951?
8
What is the hundreds digit of 295135677?
6
What is the hundred thousands digit of 493215600?
2
What is the thousands digit of 12392632?
2
What is the hundred thousands digit of 112698758?
6
What is the tens digit of 1151702649?
4
What is the ten millions digit of 11118721?
1
What is the hundreds digit of 82331275?
2
What is the millions digit of 758193359?
8
What is the hundred thousands digit of 143152806?
1
What is the ten millions digit of 74799939?
7
What is the ten thousands digit of 294696276?
9
What is the thousands digit of 11987592?
7
What is the tens digit of 127808535?
3
What is the tens digit of 34387519?
1
What is the ten millions digit of 103791045?
0
What is the millions digit of 62882987?
2
What is the tens digit of 113717159?
5
What is the hundreds digit of 2126587696?
6
What is the millions digit of 348166349?
8
What is the hundred thousands digit of 63657057?
6
What is the ten millions digit of 2282577516?
8
What is the units digit of 93679958?
8
What is the units digit of 234780062?
2
What is the hundred thousands digit of 1725948037?
9
What is the thousands digit of 59945523?
5
What is the hundreds digit of 755276294?
2
What is the hundred millions digit of 116510367?
1
What is the hundred thousands digit of 9891619?
8
What is the thousands digit of 5007152571?
2
What is the millions digit of 86876518?
6
What is the tens digit of 91752761?
6
What is the units digit of 631092793?
3
What is the hundred millions digit of 1728247579?
7
What is the tens digit of 53604268?
6
What is the millions digit of 48283679?
8
What is the units digit of 22902462?
2
What is the ten millions digit of 43115940?
4
What is the hundred millions digit of 359704232?
3
What is the ten millions digit of 7192261857?
9
What is the hundred thousands digit of 74249725?
2
What is the ten thousands digit of 61922621?
2
What is the units digit of 314895979?
9
What is the hundred thousands digit of 5909134614?
1
What is the thousands digit of 58802857?
2
What is the millions digit of 7191894678?
1
What is the hundred thousands digit of 139621384?
6
What is the hundreds digit of 1016705255?
2
What is the hundred thousands digit of 53057446?
0
What is the thousands digit of 70883072?
3
What is the hundred millions digit of 1225013580?
2
What is the ten millions digit of 21721994?
2
What is the hundreds digit of 4148869894?
8
What is the ten thousands digit of 998158122?
5
What is the millions digit of 39698695?
9
What is the millions digit of 25598439?
5
What is the thousands digit of 3941962336?
2
What is the tens digit of 126003062?
6
What is the hundred millions digit of 140958696?
1
What is the tens digit of 202281162?
6
What is the units digit of 11756559?
9
What is the hundred millions digit of 3028065794?
0
What is the ten millions digit of 4208856202?
0
What is the ten thousands digit of 226071995?
7
What is the ten millions digit of 295584298?
9
What is the hundreds digit of 2433860088?
0
What is the tens digit of 140529792?
9
What is the tens digit of 1343213432?
3
What is the units digit of 138696279?
9
What is the hundred thousands digit of 52349005?
3
What is the units digit of 857195854?
4
What is the tens digit of 1568055768?
6
What is the thousands digit of 35154725?
4
What is the thousands digit of 43238676?
8
What is the hundred thousands digit of 347329983?
3
What is the ten thousands digit of 79913445?
1
What is the ten thousands digit of 48943635?
4
What is the units digit of 1330451183?
3
What is the millions digit of 1643020425?
3
What is the units digit of 46193116?
6
What is the hundred thousands digit of 266651148?
6
What is the hundred millions digit of 2876909342?
8
What is the ten thousands digit of 166845899?
4
